92
Calculate the highest common divisor of 359 and 62706530.
359
What is the highest common divisor of 2172117 and 66276?
789
Calculate the highest common factor of 60 and 51001890.
30
What is the highest common divisor of 3534 and 1572?
6
Calculate the greatest common factor of 499467 and 4176.
87
What is the greatest common divisor of 620276976 and 89628?
12804
What is the highest common divisor of 2246 and 51233506?
2246
What is the highest common factor of 1061753 and 77?
77
Calculate the greatest common factor of 91 and 12809699.
7
What is the highest common divisor of 139529444 and 36?
4
Calculate the greatest common factor of 14206528 and 192.
64
What is the highest common factor of 3079010 and 550?
110
What is the greatest common factor of 121216 and 15616?
128
Calculate the highest common divisor of 1197044814 and 63.
21
Calculate the highest common divisor of 9537 and 4479959.
187
What is the highest common factor of 967781416 and 2128?
1064
Calculate the highest common factor of 4662170 and 90170.
1270
Calculate the highest common factor of 310 and 957540.
10
What is the greatest common factor of 1332 and 1036004?
4
What is the highest common divisor of 73737575 and 208767?
5353
What is the highest common divisor of 2988640 and 1520?
80
What is the greatest common divisor of 24000 and 933360?
240
What is the highest common factor of 721 and 26181673?
721
What is the highest common divisor of 5378442 and 49733?
1213
Calculate the greatest common factor of 185556150 and 1950.
1950
Calculate the highest common factor of 126 and 8137656.
18
What is the highest common divisor of 17038 and 206696?
14
Calculate the greatest common factor of 7857010 and 85386.
1498
What is the highest common factor of 564 and 488493?
3
What is the greatest common factor of 33120 and 75660?
60
What is the highest common divisor of 8934653 and 329?
329
What is the greatest common divisor of 2520 and 568449?
63
What is the greatest common divisor of 265 and 35721470?
265
Calculate the highest common divisor of 99 and 1328415.
33
Calculate the greatest common factor of 4879581 and 84.
21
Calculate the highest common divisor of 439116 and 696256.
3956
Calculate the highest common divisor of 1188 and 694737054.
594
Calculate the highest common divisor of 400200 and 5152.
184
What is the greatest common factor of 93 and 20903951?
31
Calculate the highest common factor of 1512511 and 3047.
11
Calculate the greatest common divisor of 67923879 and 198075.
7923
Calculate the greatest common divisor of 93496 and 312.
104
Calculate the greatest common factor of 152515648 and 904.
904
Calculate the greatest common divisor of 110 and 482323039.
11
What is the highest common divisor of 14488 and 295760?
8
Calculate the highest common factor of 2496 and 35868768.
1248
Calculate the highest common divisor of 17 and 1554548.
17
Calculate the greatest common factor of 21 and 40933725.
21
What is the greatest common factor of 336123 and 1597059?
1899
What is the highest common factor of 12352 and 104027?
193
Calculate the greatest common factor of 930 and 1572716490.
930
Calculate the highest common divisor of 177264 and 73296.
144
Calculate the greatest common divisor of 504 and 153891.
9
Calculate the greatest common divisor of 414778 and 730054.
1118
Calculate the greatest common factor of 36371430 and 2430.
810
Calculate the highest common factor of 1345 and 5526874.
269
Calculate the highest common divisor of 259032 and 1442748.
3012
Calculate the greatest common factor of 5257997 and 301.
43
Calculate the highest common divisor of 62886408 and 52364.
2756
Calculate the greatest common factor of 9144 and 2493518.
254
Calculate the highest common factor of 2891103 and 6.
3
Calculate the greatest common divisor of 3 and 112399008.
3
Calculate the highest common factor of 80 and 63748430.
10
Calculate the highest common factor of 1285056763 and 86.
43
Calculate the highest common divisor of 1203696 and 10233.
9
Calculate the greatest common divisor of 228 and 1476281.
19
Calculate the greatest common divisor of 47061 and 458658.
747
Calculate the greatest common factor of 3697 and 128.
1
What is the greatest common factor of 405 and 55348380?
135
Calculate the highest common factor of 4216884 and 777.
21
Calculate the greatest common factor of 6839059 and 14545.
2909
What is the greatest common divisor of 3514680 and 2574?
234
Calculate the highest common factor of 188 and 139888215.
47
What is the greatest common factor of 214690 and 12740?
70
What is the greatest common divisor of 64380324 and 12?
12
Calculate the greatest common divisor of 5908 and 33114340.
5908
What is the highest common factor of 609966 and 158208?
618
What is the highest common divisor of 2564805 and 2445?
2445
What is the highest common factor of 316440459 and 57?
57
What is the greatest common divisor of 151804505 and 5067?
563
What is the greatest common divisor of 2678988800 and 128?
128
What is the greatest common divisor of 595352469 and 2094?
1047
What is the highest common factor of 87056221 and 7?
7
What is the highest common factor of 34638708 and 2522?
26
What is the highest common factor of 2040 and 414444360?
2040
Calculate the greatest common divisor of 457195 and 57645.
305
Calculate the greatest common factor of 4 and 324196.
4
Calculate the highest common factor of 1724 and 806623396.
1724
What is the highest common factor of 1688 and 152514809?
211
Calculate the greatest common factor of 10 and 42608755.
5
What is the highest common factor of 3212 and 91106409?
73
What is the highest common factor of 1263043 and 53?
53
Calculate the greatest common factor of 568832 and 142032.
176
Calculate the highest common factor of 31 and 38312590.
31
Calculate the highest common factor of 108450034 and 22792.
5698
What is the greatest common factor of 288496 and 2680925?
949
What is the highest common factor of 93 and 1835781?
3
What is the highest common factor of 233237 and 254001?
179
What is the greatest common divisor of 3783992 and 18531272?
11432
Calculate the highest common divisor of 432951 and 2045967.
1563
Calculate the greatest common divisor of 5058 and 315948.
6
Calculate the greatest common factor of 1426 and 136877462.
1426
Calculate the greatest common divisor of 163292028 and 84.
12
Calculate the highest common factor of 39567 and 2958369.
327
What is the greatest common divisor of 4 and 2499492736?
4
Calculate the highest common factor of 7012335 and 759.
33
What is the highest common divisor of 416 and 153788?
4
What is the greatest common factor of 486 and 31630662?
162
What is the highest common divisor of 84 and 738582852?
84
What is the greatest common divisor of 1840576 and 130432?
64
What is the greatest common factor of 1111234014 and 173?
173
What is the highest common divisor of 63 and 1448991873?
63
Calculate the greatest common divisor of 13488 and 1570509.
843
Calculate the greatest common divisor of 17085 and 105655.
85
What is the highest common factor of 15121036 and 152?
76
What is the greatest common factor of 2292862 and 1859?
143
Calculate the greatest common divisor of 1090 and 60388180.
1090
What is the greatest common factor of 529 and 32480600?
529
Calculate the greatest common factor of 1677317 and 38141.
887
What is the greatest common factor of 1005 and 60710040?
1005
Calculate the highest common divisor of 18751 and 4352.
17
What is the greatest common divisor of 128 and 109408864?
32
Calculate the greatest common factor of 282861 and 411542.
593
Calculate the greatest common divisor of 85850 and 5868400.
850
What is the highest common factor of 361042 and 6611?
11
Calculate the greatest common factor of 90170 and 45950.
10
What is the greatest common factor of 7316 and 142565063?
1829
What is the greatest common divisor of 1235116736 and 722?
722
Calculate the greatest common factor of 26 and 395310149.
13
Calculate the highest common factor of 125 and 61777025.
25
What is the greatest common factor of 1468440 and 1458?
18
What is the highest common factor of 41607 and 61755?
69
What is the greatest common divisor of 901 and 318563867?
901
Calculate the greatest common factor of 23095507 and 1444.
19
Calculate the highest common divisor of 5575